{"version":"1.0","provider_name":"Stiftung St. Martin","provider_url":"https:\/\/martinstiftung.ch\/fr\/","author_name":"adm_martin","author_url":"https:\/\/martinstiftung.ch\/fr\/author\/adm_martin\/","title":"Nouveau duo de directeurs techniques - Stiftung St. Martin","type":"rich","width":600,"height":338,"html":"<blockquote class=\"wp-embedded-content\" data-secret=\"rTP8qn5LPY\"><a href=\"https:\/\/martinstiftung.ch\/fr\/interview\/\">Nouveau duo de directeurs techniques<\/a><\/blockquote><iframe sandbox=\"allow-scripts\" security=\"restricted\" src=\"https:\/\/martinstiftung.ch\/fr\/interview\/embed\/#?secret=rTP8qn5LPY\" width=\"600\" height=\"338\" title=\"\u00ab\u00a0Nouveau duo de directeurs techniques\u00a0\u00bb &#8212; Stiftung St. Martin\" data-secret=\"rTP8qn5LPY\" frameborder=\"0\" marginwidth=\"0\" marginheight=\"0\" scrolling=\"no\" class=\"wp-embedded-content\"><\/iframe><script>\n\/*! This file is auto-generated *\/\n!function(d,l){\"use strict\";l.querySelector&&d.addEventListener&&\"undefined\"!=typeof URL&&(d.wp=d.wp||{},d.wp.receiveEmbedMessage||(d.wp.receiveEmbedMessage=function(e){var t=e.data;if((t||t.secret||t.message||t.value)&&!\/[^a-zA-Z0-9]\/.test(t.secret)){for(var s,r,n,a=l.querySelectorAll('iframe[data-secret=\"'+t.secret+'\"]'),o=l.querySelectorAll('blockquote[data-secret=\"'+t.secret+'\"]'),c=new RegExp(\"^https?:$\",\"i\"),i=0;i<o.length;i++)o[i].style.display=\"none\";for(i=0;i<a.length;i++)s=a[i],e.source===s.contentWindow&&(s.removeAttribute(\"style\"),\"height\"===t.message?(1e3<(r=parseInt(t.value,10))?r=1e3:~~r<200&&(r=200),s.height=r):\"link\"===t.message&&(r=new URL(s.getAttribute(\"src\")),n=new URL(t.value),c.test(n.protocol))&&n.host===r.host&&l.activeElement===s&&(d.top.location.href=t.value))}},d.addEventListener(\"message\",d.wp.receiveEmbedMessage,!1),l.addEventListener(\"DOMContentLoaded\",function(){for(var e,t,s=l.querySelectorAll(\"iframe.wp-embedded-content\"),r=0;r<s.length;r++)(t=(e=s[r]).getAttribute(\"data-secret\"))||(t=Math.random().toString(36).substring(2,12),e.src+=\"#?secret=\"+t,e.setAttribute(\"data-secret\",t)),e.contentWindow.postMessage({message:\"ready\",secret:t},\"*\")},!1)))}(window,document);\n\/\/# sourceURL=https:\/\/martinstiftung.ch\/wp-includes\/js\/wp-embed.min.js\n<\/script>\n","thumbnail_url":"https:\/\/martinstiftung.ch\/wp-content\/uploads\/2025\/04\/20250430_1318180.jpg","thumbnail_width":2000,"thumbnail_height":1615,"description":"[vc_row][vc_column][vc_single_image image=\u00a0\u00bb12575&Prime; img_size=\u00a0\u00bbfull\u00a0\u00bb alignment=\u00a0\u00bbcenter\u00a0\u00bb css=\u00a0\u00bb\u00a0\u00bb image_hovers=\u00a0\u00bbfalse\u00a0\u00bb][vc_column_text css=\u00a0\u00bb\u00a0\u00bb]Notre nouveau duo de directeurs techniques a pris ses fonctions ! Avec \u00e9nergie, c\u0153ur et beaucoup de curiosit\u00e9, Tina et Fredi prennent en charge les projets sur place. Sur la photo, nous voyons Tina et Fredi Gashi en compagnie du Directeurs administratifs Marisa Halter et Micha\u00ebl Golay. Depuis ce&hellip;"}

[vc_row][vc_column][vc_single_image image= »12575&Prime; img_size= »full » alignment= »center » css= » » image_hovers= »false »][vc_column_text css= » »]Notre nouveau duo de directeurs techniques a pris ses fonctions ! Avec énergie, cœur et beaucoup de curiosité, Tina et Fredi prennent en charge les projets sur place. Sur la photo, nous voyons Tina et Fredi Gashi en compagnie du Directeurs administratifs Marisa Halter et Michaël Golay. Depuis ce&hellip;
